{"id":2123,"date":"2020-03-14T01:34:09","date_gmt":"2020-03-14T01:34:09","guid":{"rendered":"https:\/\/ultering.com\/it4us\/?page_id=2123"},"modified":"2020-03-14T02:37:53","modified_gmt":"2020-03-14T02:37:53","slug":"about-andre-dias","status":"publish","type":"page","link":"https:\/\/ultering.com\/it4us\/?page_id=2123","title":{"rendered":"About Andre Dias"},"content":{"rendered":"<h1>Who Am I?<\/h1>\n<table class=\"tableclear\" border=\"0px\" cellspacing=\"20px\" cellpadding=\"20px\" bgcolor=\"white\">\n<tbody>\n<tr class=\"tableclear\">\n<td class=\"tableclear\">\n<h3><strong><noscript><img decoding=\"async\" class=\"wp-image-2049 size-medium alignleft\" src=\"https:\/\/ultering.com\/it4us\/wp-content\/uploads\/2020\/03\/photo_myself_-2020-03-10-at-20.36.25-225x300.png\" alt width=\"225\" height=\"300\" srcset=\"https:\/\/ultering.com\/it4us\/wp-content\/uploads\/2020\/03\/photo_myself_-2020-03-10-at-20.36.25-225x300.png 225w, https:\/\/ultering.com\/it4us\/wp-content\/uploads\/2020\/03\/photo_myself_-2020-03-10-at-20.36.25-768x1024.png 768w, https:\/\/ultering.com\/it4us\/wp-content\/uploads\/2020\/03\/photo_myself_-2020-03-10-at-20.36.25.png 774w\" sizes=\"(max-width: 225px) 100vw, 225px\"><\/noscript><img decoding=\"async\" class=\"wp-image-2049 size-medium alignleft lazyload\" src=\"data:image\/svg+xml,%3Csvg%20xmlns%3D%22http%3A%2F%2Fwww.w3.org%2F2000%2Fsvg%22%20viewBox%3D%220%200%20225%20300%22%3E%3C%2Fsvg%3E\" alt width=\"225\" height=\"300\" srcset=\"data:image\/svg+xml,%3Csvg%20xmlns%3D%22http%3A%2F%2Fwww.w3.org%2F2000%2Fsvg%22%20viewBox%3D%220%200%20225%20300%22%3E%3C%2Fsvg%3E 225w\" sizes=\"(max-width: 225px) 100vw, 225px\" data-srcset=\"https:\/\/ultering.com\/it4us\/wp-content\/uploads\/2020\/03\/photo_myself_-2020-03-10-at-20.36.25-225x300.png 225w, https:\/\/ultering.com\/it4us\/wp-content\/uploads\/2020\/03\/photo_myself_-2020-03-10-at-20.36.25-768x1024.png 768w, https:\/\/ultering.com\/it4us\/wp-content\/uploads\/2020\/03\/photo_myself_-2020-03-10-at-20.36.25.png 774w\" data-src=\"https:\/\/ultering.com\/it4us\/wp-content\/uploads\/2020\/03\/photo_myself_-2020-03-10-at-20.36.25-225x300.png\"><\/strong><\/h3>\n<\/td>\n<td class=\"tableclear\">\n<h2>Andre Dias<\/h2>\n<p><strong>Brazilian system analyst graduated by UNESA (University Est\u00e1cio de S\u00e1 &#8211; Rio de Janeiro).<\/strong><\/p>\n<p><strong>Geek by heart.<\/strong><br>\n<strong>Programming, music and movies are my daily fellows.<\/strong><\/p>\n<p><strong>I also love philosophy to discover limits for the soul and let the mind fly free about meanings that may enrich the sense of being.<\/strong><\/p>\n<p><strong>ultering.com@gmail.com<\/strong><\/p>\n<p><strong>Other sites:<\/strong><br>\n<strong><a href=\"https:\/\/alsdias.blogspot.com\/\">Computer Science and On<\/a><\/strong><br>\n<strong><a href=\"https:\/\/alsdias-eassim.blogspot.com\/\">\u00c9 assim, porque \u00e9 como \u00e9&#8230; <\/a><\/strong><\/p>\n<p>&nbsp;<\/p><\/td>\n<\/tr>\n<\/tbody>\n<\/table>\n<p>&nbsp;<br>\n&nbsp;<br>\n&nbsp;<\/p>\n<!--CusAds0-->\n<div style=\"font-size: 0px; height: 0px; line-height: 0px; margin: 0; padding: 0; clear: both;\"><\/div>","protected":false},"excerpt":{"rendered":"<p>Who Am I? Andre Dias Brazilian system analyst graduated by UNESA (University Est\u00e1cio de S\u00e1 &#8211; Rio de Janeiro). Geek by heart. Programming, music and movies are my daily fellows. I also love philosophy to discover limits for the soul and let the mind fly free about meanings that may enrich the sense of being. &#8230; <a href=\"https:\/\/ultering.com\/it4us\/?page_id=2123\" class=\"more-link\">Read More<span class=\"screen-reader-text\"> &#8220;About Andre Dias&#8221;<\/span> &raquo;<\/a><\/p>\n","protected":false},"author":4,"featured_media":0,"parent":0,"menu_order":0,"comment_status":"closed","ping_status":"closed","template":"","meta":{"_bbp_topic_count":0,"_bbp_reply_count":0,"_bbp_total_topic_count":0,"_bbp_total_reply_count":0,"_bbp_voice_count":0,"_bbp_anonymous_reply_count":0,"_bbp_topic_count_hidden":0,"_bbp_reply_count_hidden":0,"_bbp_forum_subforum_count":0,"footnotes":""},"class_list":["post-2123","page","type-page","status-publish","hentry"],"_links":{"self":[{"href":"https:\/\/ultering.com\/it4us\/index.php?rest_route=\/wp\/v2\/pages\/2123","targetHints":{"allow":["GET"]}}],"collection":[{"href":"https:\/\/ultering.com\/it4us\/index.php?rest_route=\/wp\/v2\/pages"}],"about":[{"href":"https:\/\/ultering.com\/it4us\/index.php?rest_route=\/wp\/v2\/types\/page"}],"author":[{"embeddable":true,"href":"https:\/\/ultering.com\/it4us\/index.php?rest_route=\/wp\/v2\/users\/4"}],"replies":[{"embeddable":true,"href":"https:\/\/ultering.com\/it4us\/index.php?rest_route=%2Fwp%2Fv2%2Fcomments&post=2123"}],"version-history":[{"count":5,"href":"https:\/\/ultering.com\/it4us\/index.php?rest_route=\/wp\/v2\/pages\/2123\/revisions"}],"predecessor-version":[{"id":2143,"href":"https:\/\/ultering.com\/it4us\/index.php?rest_route=\/wp\/v2\/pages\/2123\/revisions\/2143"}],"wp:attachment":[{"href":"https:\/\/ultering.com\/it4us\/index.php?rest_route=%2Fwp%2Fv2%2Fmedia&parent=2123"}],"curies":[{"name":"wp","href":"https:\/\/api.w.org\/{rel}","templated":true}]}}